hat is ee9 + c6?
faf
In base 5, what is 1200 + 4?
1204
In base 6, what is -1 - 20232102?
-20232103
In base 9, what is 4371 + 28?
4410
In base 12, what is 4 - -8b21?
8b25
In base 5, what is 0 + -13434?
-13434
In base 9, what is 4 + -10764?
-10760
In base 5, what is -24402 + -41?
-24443
In base 9, what is 207 + 52?
260
In base 7, what is 1426 + -152?
1244
In base 12, what is 113 + -106?
9
In base 13, what is 25c + -26ca?
-246b
In base 3, what is 1222 + -1112?
110
In base 6, what is -12022 + -3203?
-15225
In base 15, what is 2b + 1a9?
1d5
In base 13, what is 65c3 + -57?
6569
In base 7, what is 24524 + -10?
24514
In base 2, what is -10111100111010000 - -100000?
-10111100110110000
In base 6, what is 22325 + 3351?
30120
In base 11, what is 5 - -7950?
7955
In base 12, what is 334b1 + -2?
334ab
In base 10, what is -443 - 260?
-703
In base 2, what is 101 + -1001100001?
-1001011100
In base 11, what is -4 + 96a59?
96a55
In base 13, what is 2 - 322484?
-322482
In base 13, what is -10392a - 2?
-10392c
In base 5, what is -42143001 + 1?
-42143000
In base 9, what is 4547 - 677?
3760
In base 3, what is 10021112 - -12112?
10111001
In base 6, what is -1 + -1300003?
-1300004
In base 4, what is -3 - 212333?
-213002
In base 11, what is 177a - -124?
18a3
In base 9, what is -17582 + -37?
-17630
In base 15, what is -4 - -28506?
28502
In base 6, what is 11 + -1052042?
-1052031
In base 12, what is -3549b3 + -4?
-3549b7
In base 14, what is -14 - 204?
-218
In base 15, what is e8398 - -5?
e839d
In base 10, what is -4 - 11412?
-11416
In base 4, what is -110 + -222013?
-222123
In base 11, what is -10a2 - -72?
-1030
In base 9, what is -1344736 - 2?
-1344738
In base 4, what is 1 - -12322220120?
12322220121
In base 16, what is -3bf06 - 0?
-3bf06
In base 14, what is 3 - 70354?
-70351
In base 2, what is -100 + 1000111100?
1000111000
In base 9, what is 1222 + -10?
1212
In base 9, what is 17470 - 1?
17468
In base 3, what is -12211220121 - 11?
-12211220202
In base 10, what is 11035 + -23?
11012
In base 12, what is 1163a - 8?
11632
In base 15, what is 134 - 597?
-463
In base 8, what is -317455 + 23?
-317432
In base 6, what is 113504 + -3?
113501
In base 2, what is -11 - 110010000100?
-110010000111
In base 10, what is -45484 - -4?
-45480
In base 2, what is -1011 + 101111100011101110?
101111100011100011
In base 13, what is -4 - 815?
-819
In base 11, what is 3257 + -22?
3235
In base 13, what is 1 - 55a7?
-55a6
In base 4, what is -133110 - -331?
-132113
In base 5, what is -40241 - 110?
-40401
In base 8, what is -66173 - 0?
-66173
In base 5, what is 12202020 + -22?
12201443
In base 9, what is 0 - 1521807?
-1521807
In base 6, what is 1245 + -1233?
12
In base 5, what is 1 - 4202?
-4201
In base 16, what is -28b63 + 3?
-28b60
In base 6, what is 5045 + 255?
5344
In base 3, what is 1222110212 - -11?
1222111000
In base 4, what is 23310 - 2201?
21103
In base 5, what is -1303 - 1432?
-3240
In base 15, what is c + -775?
-768
In base 14, what is 3 - -236750?
236753
In base 8, what is -41700 + 2?
-41676
In base 9, what is 7 + -386864?
-386856
In base 11, what is -4a0a06 + -2?
-4a0a08
In base 16, what is -4a + 570?
526
In base 13, what is 458 + -264?
1c4
In base 16, what is 5 + -66a1?
-669c
In base 10, what is -1 + 31462?
31461
In base 9, what is -32 - 2054?
-2086
In base 6, what is -2 + -13311?
-13313
In base 15, what is 3907 - 67?
3890
In base 13, what is 152615 - 5?
152610
In base 2, what is 101110000 + -1100011010?
-110101010
In base 14, what is -141 - 6d?
-1b0
In base 14, what is -2707 - -2?
-2705
In base 5, what is 31444 + 243?
32242
In base 4, what is 11 + 1013320?
1013331
In base 7, what is -26 + 661?
632
In base 15, what is 2 - 96678?
-96676
In base 16, what is 110b - 4?
1107
In base 9, what is -1025 - 54?
-1080
In base 16, what is 6 - -30ec?
30f2
In base 15, what is -615 - -39b?
-269
In base 5, what is 41240 - 22?
41213
In base 2, what is 1001 - 1010010010000101100?
-1010010010000100011
In base 4, what is -1 + -21112011?
-21112012
In base 7, what is 54 - 142254?
-142200
In base 7, what is -451 - 40553?
-41334
In base 9, what is 2530 + -61?
2458
In base 5, what is -3 - -303114?
303111
In base 15, what is -10c3 - a5?
-1178
In base 10, what is -2 + -68780?
-68782
In base 16, what is 5 - 33be?
-33b9
In base 3, what is 1211 - 12111?
-10200
In base 8, what is -76425 - -23?
-76402
In base 4, what is -11 + -303202232?
-303202303
In base 8, what is 4 - 3023?
-3017
In base 10, what is -103329 - 44?
-103373
In base 7, what is -21 - 406325?
-406346
In base 2, what is -1111100 - 1001010000010?
-1001011111110
In base 12, what is 202b + 3?
2032
In base 9, what is 1134 - -836?
2071
In base 5, what is -401242 - 3?
-401300
In base 15, what is -5 + 7e11c?
7e117
In base 2, what is 1 - -101001100111100010001?
101001100111100010010
In base 11, what is -434 - 63?
-497
In base 2, what is 1000010101 - -1010101?
1001101010
In base 5, what is -22 + 1322?
1300
In base 9, what is 10 - -55421?
55431
In base 10, what is 0 + -7002?
-7002
In base 12, what is 5 - 14bb7?
-14bb2
In base 6, what is 1 - 550115?
-550114
In base 6, what is -214341 - 10?
-214351
In base 16, what is 7 + 17512?
17519
In base 7, what is 4 - -5404404?
5404411
In base 4, what is 2 + -32123?
-32121
In base 15, what is -5 + -10a9dc?
-10a9e2
In base 5, what is 413 + 2242?
3210
In base 7, what is -4 + -56361?
-56365
In base 12, what is 735 + 2122?
2857
In base 2, what is -11001110000111100 - -11?
-11001110000111001
In base 7, what is -12123 - 256?
-12412
In base 5, what is -10 - 230332002?
-230332012
In base 6, what is -133032 + 1241?
-131351
In base 14, what is 199 + 36?
1d1
In base 8, what is 1 - 2604776?
-2604775
In base 16, what is -7 + 6622?
661b
In base 14, what is 3 - b5393?
-b5390
In base 11, what is 3350 + -4?
3347
In base 12, what is 57 + 22532?
22589
In base 16, what is 2 + 2a81?
2a83
In base 10, what is 119 + -2617?
-2498
In base 15, what is 180 - 40c?
-27c
In base 15, what is 115e + -2d0?
d7e
In base 12, what is -688 - 109?
-795
In base 3, what is -1002001 - -101212?
-200012
In base 9, what is -4 + 2126142?
2126137
In base 6, what is 30 + 2444445?
2444515
In base 7, what is -5 - 1253625?
-1253633
In base 7, what is -2 + -115012?
-115014
In base 5, what is 33340323 - 1?
33340322
In base 2, what is 100111 - 1111000110?
-1110011111
In base 16, what is -5 - -2861?
285c
In base 10, what is -160992 - -3?
-160989
In base 14, what is -15 + 21ca?
21b5
In base 3, what is -2000110110 + 1?
-2000110102
In base 2, what is -110111101111 + 10?
-110111101101
In base 10, what is 23 + -4430?
-4407
In base 12, what is 65a3 + 3?
65a6
In base 8, what is -1 + -35367?
-35370
In base 9, what is 1624 - -1075?
2710
In base 13, what is ba5 - -1?
ba6
In base 5, what is -124 - 2010301?
-2010430
In base 11, what is -8078 + 1?
-8077
In base 15, what is 2a06 + -b?
29ea
In base 10, what is -5 - -17627?
17622
In base 11, what is 1534 - 12?
1522
In base 2, what is 1010011000101000110 - 0?
1010011000101000110
In base 2, what is 100011110001001111 - 0?
100011110001001111
In base 15, what is -314 + -3004?
-3318
In base 4, what is -131 - -213311?
213120
In base 9, what is -5 + -7837?
-7843
In base 6, what is -10 + 12555124?
12555114
In base 4, what is 2010233 - 3?
2010230
In base 15, what is 1b4b82 - 0?
1b4b82
In base 15, what is -1527b + -16?
-15292
In base 3, what is -12120210210 + -2?
-12120210212
In base 8, what is -2226 + 371?
-1635
In base 10, what is -2 - -143948?
143946
In base 15, what is -1 + 1ddc9e?
1ddc9d
In base 7, what is 455 - 16303?
-15515
In base 13, what is 134 - 23a?
-106
In base 9, what is -4344511 + 2?
-4344508
In base 13, what is -6c + 854?
7b5
In base 13, what is 10b89 + 78?
10c34
In base 9, what is 763546 + -2?
763544
In base 13, what is 33bc + -9?
33b3
In base 10, what is 120 - 7500?
-7380
In base 11, what is 1083 + 5?
1088
In base 11, what is 80 - 2800?
-2730
In base 3, what is -10102111201 - -10?
-10102111121
In base 5, what is -343 + -201314?
-202212
In base 9, what is -2 - -145366?
145364
In base 11, what is -207982 - 3?
-207985
In base 5, what is -1 - 30113?
-30114
In base 6, what is -5 + 1124245?
1124240
In base 2, what is 10 - 10000110101010101?
-10000110101010011
In base 11, what is -409 - 735?
-1043
In base 10, what is -736122 + 3?
-736119
In ba